t is -2 - 1 - (-109 + 51 + 47)?
8
What is 2 - -32 - (98 + -65) - (-1 + -50)?
52
Evaluate (-23 - -18) + -2 + -61 - (-8 - -3).
-63
Calculate -88 - -18 - -7 - -31.
-32
Evaluate (16 - 26) + 49 + (-4 - (-3 - -7)).
31
Calculate (11 + -14 - -8) + 28.
33
Calculate 67 + (-66 - -111) - 175.
-63
Calculate (-4 - 9) + 12 + -11 + -165 + 61.
-116
What is the value of 109 + 3 - -6 - (-1139 + 1178)?
79
What is the value of 93 - -2 - (14 - (6 + -14))?
73
Calculate (-11 - -1) + 20 + -70 + (84 - 5).
19
What is (23 - -16) + (3 - -2)?
44
-17 + 4 - (-5 + (-11 - (-5 - 7)))
-9
-29 + (-3 - -96) + (-12 - (-7 + 0))
59
What is -71 + (-606 + 596 - (3 + 1 + -12))?
-73
Evaluate -8 - (-13 + (-83 - (0 - 36))).
52
Calculate (120 - -23 - 43) + -198.
-98
What is -11 + -17 + (-16 - -38) + 101?
95
Calculate -8 + -2 - (-8 + (-285 - -294 - (115 + -1))).
103
Calculate -4 + (18 - 20) + (24 - 3).
15
What is 20 - -118 - 67 - 75?
-4
Evaluate (-21 - 93) + 122 - -45.
53
65 + (-147 + 108 - (-12 + -2))
40
What is (1 + -5 - -13) + 172 + -162?
19
Evaluate (-5 - (-2 - -3)) + 6 + (8 - (-2 + 1)).
9
What is the value of 8 + -65 - ((9 - (5 + 1)) + -17)?
-43
Calculate -11 + -1 + -186 + 204 - (-33 - (0 - -2)).
41
Evaluate -13 + (-72 - -31) - -90.
36
77 + -3 + 1 + 4 - (17 + -60 + 29)
93
What is -10 + 18 + (-33 - -16) - (-52 - 1)?
44
Evaluate -3 + 0 + (10 - (-24 - -23)) - (10 - -30).
-32
Evaluate 186 - 117 - 48 - -88.
109
Calculate -1 + (7 - ((44 - 52) + (-1 - -3) + 18)).
-6
Calculate 29 + 7 + -3 + 2 + -8 - (-16 - -12).
31
What is -9 + (25 - 5) - 15 - (-37 - 77)?
110
Evaluate -5 + -10 + (-16 - 2 - (-152 - -167)).
-48
Calculate 3601 + -3588 - (5 - (1 - (-9 + -4))).
22
What is 4 + -30 + (-21 - -5) + 3?
-39
What is the value of (-149 - -162) + (-27 + -1 - (-1 - -1))?
-15
Evaluate (13 - (-3 + 19)) + (-68 - -33) + (2 - 13).
-49
Calculate (-112 - -17) + (9 - -16).
-70
(9 - -1 - 0) + (-5 + -31 - (7 + -1))
-32
-40 - (0 + 34) - -41
-33
What is the value of -62 + -1 - (-25 + -2 + (33 - (-43 + 59)))?
-53
Evaluate 626 + -648 - (3 + -36 + -2) - 2.
11
What is the value of 4 - 19 - -3 - (-49 + (10 - (5 - 3)))?
29
What is (-2519 - -2544) + (-62 - 0)?
-37
What is 55 - 61 - (2 + (-14 - -5 - -11)) - -135?
125
Evaluate ((0 - -12) + -17 - -15) + (-18 - (-1 - 2)).
-5
-10 + (-32 + 14 - -195) - (-1 + (6 - -8))
154
What is the value of -40 - -103 - 43 - (4 - -4)?
12
Calculate -84 + -2 + (-6 - -14 - (61 + -60)) + -5.
-84
What is 107 + -64 + 75 + -45?
73
Evaluate 11 - (-16 + 17) - (4 - 25).
31
What is (-18 - (-38 - (13 + -30) - (0 - 13))) + -33?
-43
Evaluate 22 - 49 - (29 + -8).
-48
What is -41 - (17 + -5 - (1 - -19))?
-33
What is the value of -140 - -38 - (-2 - (-3 + -2 + 4 - 0))?
-101
Calculate 2 + (-2 - -6) + (-46 - -31) + 14 + -45.
-40
Calculate 55 + (-45 - -34) - 100.
-56
Evaluate -62 - (31 + -31) - -104.
42
-5 - -23 - (-7 - -15 - 11)
21
What is (-28 - (-23 - (-35 + 2 + 45))) + -1 + 98?
104
Calculate 536 - 588 - (-106 + 2).
52
What is the value of -10 + -2 + (-47 + 65 - (-3 + -5))?
14
Evaluate 70 - (84 - 53 - -11).
28
What is 14 + -78 + 62 + 3 + -1?
0
Evaluate -16 - -11 - (200 - 161).
-44
Evaluate -392 - -386 - (14 - -24).
-44
(-14 - -13) + (-7 - -2) + 8 + 2 + -38
-34
What is the value of (-4 - 2) + (2 - -2 - (-7 - -6))?
-1
(-74 - (-12 + 37)) + 44
-55
What is the value of 78 - 79 - 30 - 23?
-54
Calculate (-100 - 84) + 81 + 31 + -4.
-76
What is the value of 2 - (14 + (-46 - -2)) - -6?
38
Evaluate (16 - (-64 - -100)) + (68 - 4).
44
Calculate -84 - (-105 + 65) - -64.
20
What is the value of 611 + -627 + -13 + 7 + (47 - 2)?
23
Calculate -287 + 387 - (-30 + 31).
99
Calculate 4 - 74 - (-597 - -577).
-50
What is the value of -16 - 5 - -2 - ((18 - 19) + -3 + -3)?
-12
12 + (0 - (-13 + 156)) + 33
-98
Evaluate 1 + -21 + 3 + 54 + -79 + 16.
-26
What is -2 + (26 - (-6 + -22))?
52
What is the value of 66 - (-26 + (6 - -27 - 15))?
74
What is 7 + (4 + 32 - 7) - (-4 - -1 - -1)?
38
Evaluate 19 - (8 + 2 - 33).
42
What is 23 + -6 + -4 - (28 - (28 + -13) - -119)?
-119
What is the value of -39 + (59 - 12) + -113?
-105
Evaluate 4 + -4 - 8 - (-49 - (-31 + 3)) - 8.
5
Calculate (1 - 2) + (-19 - (-29 + 55)) + -6.
-52
What is (2 - (4 + -3 - -5 - 21)) + -27?
-10
What is the value of 26 + 1095 + -1114 + -1 + 17?
23
What is -54 + (134 - 58) + -11?
11
Calculate (-54 + 1 - ((-24 - -5) + -1 - -17)) + 4.
-46
Calculate (26 - (4 - 22)) + -5.
39
What is the value of 774 - 754 - (2 + -2 + -3)?
23
Evaluate -26 - (2 - (38 + -20)) - -37.
27
What is -1 - -61 - (4 - -3 - (-61 - -68)) - -2?
62
What is (68 + -4 - (580 - 567)) + 36?
87
What is the value of 4 + -12 + (11 - (6 - (8 + -4))) - -43?
44
Evaluate 15 + 8 + -160 + (-151 - -180).
-108
Evaluate 20 + -3 + (14 - 23) + 33 + 26.
67
-31 + (2 - -82) + -21
32
-18 - ((-8 - (8 - 18 - -1)) + -12)
-7
What is the value of (12 - (-5 - -3)) + (501 - 513)?
2
What is the value of -2 + 3 + -4 + 9 - (-11 + 68) - -3?
-48
What is the value of 10 + -2 + 3 - (-53 - -21 - (11 + 46))?
100
Evaluate 38 + (4 + 5 - (3 + -1) - -1) - 9.
37
What is 2694 + -2667 - (1 + (-3 - -6))?
23
34 + 48 + (-51 - 0)
31
What is the value of 137 - (-28 - (148 - 280))?
33
Calculate (-39 - -28) + -3 - -15 - 32.
-31
26 + 1 + -43 + (-42 - -86)
28
0 + 24 + 75 + -21 + -53
25
(83 - 0) + (-96 - -36 - -84 - 12)
95
What is the value of -11 + (13 - 5) + 11 + -2 - -5?
11
What is (1 + -98 - -88) + -1 + (-4 - -29)?
15
6 + -2 + 44 - (1 + (-19 - (-7 - -4)))
63
Calculate (-63 + -35 - -45) + 15.
-38
What is the value of -4 + -2 + (20 - (36 + -9)) + -8?
-21
Evaluate -7 - (11 + (-431 - -372) + (1 - -1 - 2)).
41
Evaluate 411 - 429 - (3 + -5 + -7).
-9
What is the value of (18 - 35) + -15 + 26?
-6
What is the value of (6 - 8) + (-7 - (5 + (2 - 7)) - 7)?
-16
(-5 - -23) + -172 + 234
80
Evaluate 11 - -54 - (30 - (7 + 0)).
42
What is (-17 - -17) + 16 + (-84 - -2)?
-66
Evaluate 11 + (-54 - (-30 - 13)).
0
What is the value of -98 - -160 - -16 - 57?
21
Calculate 51 + -64 + 46 + (0 - 0) + 19.
52
Calculate (-167 - -66 - -81) + 18.
-2
Evaluate -51 + -3 + -129 + 184.
1
What is the value of 0 - 12 - (-23 - -7 - 9)?
13
What is the value of -63 + 56 + 96 + -61?
28
Evaluate 6 - ((-6 - -3) + (63 - 72) + 8 + 0).
10
Evaluate (-58 - -77) + (11 - 85).
-55
Evaluate 260 - (-59 + 160 + 52).
107
What is (15 - (2 + -10 + -13)) + 0 + -1 + -1?
34
What is 17 + (-29 - -11) + -6 + (101 - -50)?
144
1 + (-67 - 0) - ((-26 - -24) + 1 + -9)
-56
Calculate (2 - 65) + (4759 - 4664).
32
Evaluate (60 - 35 - 30) + (0 - -1) - -21.
17
-5 + 4 + -3 + 2 + (747 - 801)
-56
What is the value of (-118 - -149) + (-19 - -1) + -80 - (-3 + 0)?
-64
Calculate -18 + (-32 - -118) + -31.
37
(-24 - 11) + -165 + 147
-53
Calculate 123 + -92 + -12 + -9 + -26.
-16
Evaluate (26 - (0 + 1)) + 4029 + -4029.
25
What is (3 - -2 - 26) + (1392 - 1443)?
-72
What is 65 + (-40 - -31 - 39)?
17
Calculate 4 - (-5 + 12 + (-7 - 1) - (9 + 1)).
15
What is -95 + ((-8 - 27) + 30 - -28)?
-72
What is 7 + 9 + (-83 - (-16 + 5)) + (-15 - -11)?
-60
What is 1 - 4 - -40 - (2477 + -2481)?
41
What is (208 - (102 - -106)) + 1 + -46?
-45
Evaluate 0 + 12 + (67 - 88) + 4 + 8.
3
Evaluate 1493 - 1472 - (-1 + 43) - -75.
54
What is -12 + -1 + -3372 + 3376 - 103?
-112
Evaluate -15 + 29 + (8 + -1 - (-40 - -31)) + 7.
37
(-109 - 7) + (23 - (10 + 14 - 9))
-108
-11 + (-18 - -104) + (-4 - 1) + (490 - 494)
66
(8 + -6 - -8 - -13) + 98 + -244
-123
What is 208 + -251 - (-47 + -21)?
25
-7 + (2 + -5 + 18 - 18)
-10
Evaluate -39 + (-43 - -95) + (18 - 0).
31
What is the value of -10 + -5 + 5 - (15 - -6 - -26)?
-57
-259 + 2 + (-1187 - -1322)
-122
Calculate 91 + -28 + 10 - (1 + -3 + 3 + 5).
67
3 - (-1 - -8) - (70 + (-11 - -33 - 26))
-70
What is 237 + -236 - (14 - (1 + 0)) - 15?
-27
59 + (94 + -160 - -99)
92
What is the value of (-112 + 131 - (10 + -2 + -2)) + 22 + 13?
48
(49 - (26 - -33)) + 3 + 6 - (1 + -18)
16
Evaluate 61 + -18 + -48 + -37.
-42
(44 - (-9 - (-52 - -19))) + (-1 - -75)
94
Evaluate 98 + (-1 - 7 - (4 + 52 + -55)).
89
286 + -280 + (0 - (-6 - 3))
15
What is 379 - 401 - (-24 + -7 + (-3 - -19))?
-7
What is 62 - (94 - 66 - 26)?
60
What is -300 - -290 - (-1 - 1 - (-3 - 2))?
-13
What is the value of -61 + (-37 - -4) + 142?
48
What is (-25 - -20 - 12) + (3 - 15)?
-29
Evaluate (92 - 138) + 110 + -3.
61
Evaluate (10 - 14) + (1 - -3) + (-26 - (-38 + 14)).
-2
35 + -1 + -20 + (2630 - 2588)
56
Calc